ue
Let d(a) be the third derivative of a**5/5 + a**4/8 - a**3/6 - 7*a**2. Let x be (-1 + 2)/(3/18). Is d(x) a prime number?
True
Suppose -3*t - 4*n + 14 = 6, -3*n = 4*t - 6. Is (t - 2) + 0 + (587 - -1) prime?
False
Let a(c) = 32*c - 33. Let r = 91 + -84. Is a(r) a composite number?
False
Let u = -200 + 386. Suppose q - u = -5*f, 0 = -5*q - 2*f + 107 + 938. Is q a composite number?
False
Let s = 95 - -74. Is s a composite number?
True
Suppose -967 + 9562 = 45*m. Is m a prime number?
True
Is ((-9778)/3)/((-4)/6) a composite number?
False
Suppose 0 = -4*b + 5*z + 28, -b + 3*z + 2 + 12 = 0. Suppose -s = -2*s + 3*d + 298, b*d - 293 = -s. Is s composite?
True
Let z = 4051 + -2088. Is z a composite number?
True
Suppose -2*w + 3539 = 3*j, 5*j + 2*w = 6093 - 200. Is j a prime number?
False
Suppose 3*z - 4*f - 6497 = 0, -2*z + 7*f = 3*f - 4326. Is z a prime number?
False
Suppose 57 = 2*s + 5*z - 385, 12 = 3*z. Is s prime?
True
Suppose d + 4318 = 3*b + 2*b, 3*d + 9 = 0. Let z = b + -306. Is z composite?
False
Let l = -46006 + 70179. Is l a composite number?
True
Let r = 41899 - 27702. Is r a composite number?
False
Let n(d) be the second derivative of 1/6*d**4 + 1/2*d**2 + 5/2*d**3 + 0 + 6*d. Is n(-10) prime?
False
Suppose -7*g + 5*g + 64 = 0. Let s = 65 + g. Suppose -2*w = -325 - s. Is w composite?
False
Let i = -589 + 1011. Suppose 4*x = 0, -x = -2*l + 3*x + i. Is l composite?
False
Suppose 23*r - 26*r = -1239. Is r composite?
True
Suppose -75952 = -36*o + 1702988. Is o a composite number?
True
Is (-5)/(-2)*(2724 - 2) composite?
True
Suppose 4*o = 4*r + 333196, 0*o = -2*o + 5*r + 166586. Is o prime?
False
Let l(c) = c + 1. Let t be l(8). Let v(n) = n**2 - n. Let u(y) = -y**2 + 9*y + 7. Let m(o) = u(o) + 4*v(o). Is m(t) a prime number?
False
Suppose -4*o = 4*j - 32, o = -7*j + 2*j + 24. Let f(k) = 0*k - 1 + 2*k - 2 + 0*k**2 + j*k**2. Is f(4) prime?
False
Let t(o) = -22*o**3 + 7*o**2 - o + 1. Let b(m) = -47*m**3 + 14*m**2 - 3*m + 1. Let n(d) = 6*b(d) - 13*t(d). Let k = 0 - -5. Is n(k) composite?
False
Suppose 2*j = -3*j + 25, 65 = 5*p + j. Is ((-4)/p)/(3/(-2637)) a composite number?
False
Let j = -15 - -320. Let k be (-5)/(2*3/(-6)). Suppose c - k*i = 198, 2*c - 97 - j = 4*i. Is c prime?
False
Let u = 748 + 26391. Is u prime?
False
Let g(u) = -6*u**3. Let n be g(1). Is 841/2 - (-9)/n composite?
False
Suppose -4*n = -8, n + 378 = y - 555. Let p = 3068 + y. Is p prime?
True
Suppose 4*c + 18 = 2*k, -11*c + 6*c - 15 = -2*k. Suppose k*o = 19*o - 3272. Is o composite?
True
Suppose -553*m + 564*m - 28369 = 0. Is m prime?
True
Let k(v) = 4*v**2 - v - 2. Let a be k(-1). Suppose 0 = -a*b + 2*l + 3, -1 = -2*b + 3*l + 1. Let g(q) = 14*q. Is g(b) prime?
False
Let o = 2067 + -854. Is o composite?
False
Is (694*-1)/(76/(-722)) a prime number?
False
Let z be -2*(-2 - (2 + -3)). Let t = -925 - -1767. Suppose 7*c - 2*c = -g + t, 0 = -z*c - 3*g + 329. Is c composite?
True
Let i(l) = l**3 + 8*l**2 - 6*l - 5. Let f be i(7). Suppose -4*y + 1391 = 3*g, 5*y + f - 2422 = g. Is y prime?
True
Let y(u) be the first derivative of -u**3/3 - 5*u**2/2 + 6*u + 4. Let x be y(-5). Suppose x*j - 575 = j. Is j a prime number?
False
Suppose -1033*y + 169368 = -1025*y. Is y composite?
True
Suppose -5*o - 4 = -v, 4*v - 2*o - 24 = 2*v. Let y be -11 - -13 - v/2. Let f(n) = 5*n**2 - 5*n + 5. Is f(y) a prime number?
False
Suppose -5*q - 6541 = -1151. Let j = q - -1820. Suppose -4*l + 2216 = 2*a + 732, -2*l + 2*a + j = 0. Is l a composite number?
True
Let c(f) = -24 + f + f + 151 + f**2 + f**3. Is c(0) prime?
True
Let r = 8 - 6. Suppose -3*h = r*x - 60 - 7, 0 = 2*h + 5*x - 52. Is 69/12*(-1 + h) composite?
True
Suppose -2*v - 3*v + 255 = 0. Suppose 0*k = 4*f - 5*k - v, k = 1. Is (f/8)/((-22)/(-3256)) composite?
True
Let n be 1/((-2)/6) - -61. Suppose 2*v + 4 - n = 0. Suppose 3*f = -v + 1038. Is f prime?
True
Is 15/(-6)*187416/(-180) prime?
False
Let x(y) = -12*y**2 - 36*y - 24. Let f be x(-19). Let t = f - -5313. Is t a prime number?
False
Let y(s) = 13272*s + 851. Is y(5) a composite number?
False
Let q(m) = m**3 - 6*m**2 - 6*m - 7. Let k be q(7). Let b(g) = -2*g - 16. Let c be b(k). Is 1588*(0 - 4/c) prime?
True
Let h = 18 + -12. Is 3 + (-129)/h*-4 a prime number?
True
Let z be (-2 + -2)*1 - (-3 + -14). Suppose -4685 = z*k - 18*k. Is k a composite number?
False
Let w(d) = -58*d + 17. Suppose -2*r - 5*f + 4 = 0, -2 = -4*f + 3*f. Is w(r) prime?
True
Suppose -114*g = -115*g - 4*t + 7733, 7731 = g + 5*t. Is g a composite number?
False
Let n = -5 + -41. Let k = n - -80. Is k composite?
True
Suppose x - 16 = -3*x, -3*d = -3*x - 1278. Suppose -939 - d = -m. Is m composite?
True
Let d be 1/(-2) + (-339)/(-6). Let i = d + 307. Suppose 0 = -5*g + i + 1102. Is g composite?
False
Let w(q) = q**3 + 6*q**2 - 7*q + 2. Let x be w(-7). Suppose 0 = x*m + 70. Is (-579)/(-7) - 10/m a prime number?
True
Is 1 + 1 + (-22780 + -1)*-1 composite?
False
Let r be (1959 - 0) + -12 + 15 + -7. Suppose -4*g - g = -r. Is g a composite number?
True
Is -3*(544645/(-93) - (-6)/93) a prime number?
True
Let x = -1 - -1. Suppose 2*t - 2*k = 3 + 9, x = -5*t - 5*k + 20. Suppose -493 = -t*c + 4*h, 3*c + h - 289 = -0*c. Is c a composite number?
False
Suppose 14*b + 31 = -17*b. Let z(u) be the second derivative of 5*u**4 + u**3/3 + u**2/2 + u. Is z(b) a prime number?
True
Suppose -216 = -9*z + 8*z. Suppose -c = -193 - z. Is c a prime number?
True
Is 6/1 - (-4 + -19375) a composite number?
True
Suppose 3*b + 3 = -6. Let v be 68/12 + b/(-9). Is 11/(-33) - (-1340)/v a composite number?
False
Suppose 4*g - 3139 = 3*o, -51*g - 1583 = -53*g - 3*o. Is g a prime number?
True
Let a = 5825 - 1318. Is a a composite number?
False
Suppose -4*r + 1262 = -3310. Suppose -r = 8*l - 11*l. Is l prime?
False
Let z be ((-220)/33)/5*9/(-2). Let u(x) = -4 + 64*x + 1 - 4. Is u(z) prime?
False
Suppose -6*h + 0*h + 114 = 0. Let y = 430 - h. Is y a prime number?
False
Let a(u) = u**3 + 12*u**2 - 9*u - 5. Let c = 8 - 9. Let w = c + -6. Is a(w) composite?
True
Let t be ((-12)/48)/(1/(-436)). Let o be (-12 + -1)*(t + -8). Let z = -916 - o. Is z a composite number?
False
Suppose 0 = -3*m + 84 - 18. Let o be (-3)/(-12) - m/(-8). Suppose -2*k = -3*f - 227, o*f = -3*k - 0*f + 348. Is k composite?
True
Suppose -327*v + 319*v = -2648. Is v a composite number?
False
Suppose -32*f - 2074748 + 6915612 = 0. Is f prime?
False
Suppose 154210 = 18*p - 177512. Is p a prime number?
False
Let w(g) = -g**3 + 11*g**2 - 11*g + 20. Let m be w(10). Suppose -6324 = -m*r + 2446. Is r composite?
False
Let n be 2*(2 - (1 - 1)). Let l be n*(-5)/(-10)*2. Suppose l*q = 7*q - 249. Is q a composite number?
False
Let m = -64 - -70. Suppose -18290 = -m*h - 2660. Is h a prime number?
False
Suppose -318*c + 317*c = -2153. Is c prime?
True
Suppose -f + 70 = -3*d, -2*f + 3*d + 184 = 8*d. Let a = -23 + f. Is a a composite number?
False
Is (-3 + (-43350)/24)*(5 - 9) prime?
True
Let z = 3 + 1. Suppose -122 = 6*p - 4*p - z*x, 3*p - 3*x + 189 = 0. Is (-24125)/p - 4/26 prime?
False
Let p = -54 + 55. Is p/(-2) + (-4743)/(-18) a composite number?
False
Let w = 16 - 17. Let a be w/7 - (-86)/14. Suppose a*v = v + 1245. Is v composite?
True
Let o be 10849/(-95)*(1 - 6). Suppose 5*i - o = 154. Is i a prime number?
False
Suppose 2*q + 5*i - 4299 = 0, 2*q - 8*i = -7*i + 4293. Is q a composite number?
True
Suppose 3*g = 4*g + 2*v - 375, -g + 381 = 4*v. Let p be (3 - (0 + 2)) + g. Suppose 0 = -9*j + 4*j + p. Is j prime?
False
Suppose -6*j + j + 9115 = 0. Is j a prime number?
True
Let u(f) = -367*f - 1. Let v be u(-2). Let k(m) = m**3 - 18*m**2 - 6*m + 11. Let y be k(17). Let j = v + y. Is j a prime number?
True
Suppose 3*o - 1089 - 15 = 0. Let n = o - 25. Suppose -3*a - c + 337 = 0, -3*a + 3*c + n = c. Is a prime?
True
Let b(g) = 11*g**2 + 52*g + 73. Is b(32) a prime number?
True
Let c(j) = 13*j**2 - 15*j - 11. Let x(y) = -12*y**2 + 14*y + 11. Let h(d) = -2*c(d) - 3*x(d). Is h(-9) a prime number?
True
Suppose -5*g + 11 = -9. Suppose 2495 = 3*p + 4*d, 0 = 3*p - g*d - 2526 + 47. Is p composite?
False
Let z(p) be the second derivative of -29*p**3/2 + 13*p**2 + 12*p. Is z(-9) a composite number?
False
Suppose z - 3*s = 5, -5*z + 11 + 14 = -5*s. Is 20/(0 - z) - -26 composite?
True
Let s = 456 + 324. Suppose -k + 185 = -3